0 - 203. Let n be (-6)/8 - t/4. Calculate the highest common factor of z and n.
15
Suppose 2*l - 108 = -64. Calculate the highest common divisor of 946 and l.
22
Let h = -252 + 264. What is the highest common divisor of h and 12?
12
Suppose 21*i - 85 = 104. What is the greatest common divisor of i and 78?
3
Let l(q) = 4*q**3 - 26*q**2 - 6*q + 16. Let y be l(8). Calculate the highest common factor of 88 and y.
88
Let f = 2 + 6. Suppose 0 = 3*w - 6*w + h + 5, 3*w + 2*h = f. Let j be (12/(-3))/w - -8. What is the highest common divisor of j and 12?
6
Suppose 4*r - 8 = 5*o, 6*r = 4*r - 2*o + 22. Let d be (-2)/2*1*-7. What is the highest common factor of r and d?
7
Let y = 16 + -12. Suppose 731 = 2*o - l + y*l, -2*o - 2*l + 734 = 0. Calculate the greatest common factor of 37 and o.
37
Suppose 90 = 6*i - 18. Let y be 4/26 + (-9900)/(-39). Let n = y - 128. Calculate the greatest common divisor of i and n.
18
Let s be 22/3*(-582)/(-1067). Calculate the highest common divisor of s and 6.
2
Suppose -5*a = x + 325, 0 = -a - 0*a + 5*x - 39. Let m = a + 78. What is the highest common divisor of 56 and m?
14
Let o = -1591 + 2949. What is the highest common factor of 28 and o?
14
Suppose -5*i = 5*n - 40, 3*i - 4*i - 64 = -5*n. Let l = -6 + 12. Calculate the highest common divisor of n and l.
6
Let r(n) = 41*n - 5 + 40*n - 72*n. Let w be (-8)/2*(-15)/12. Let g be r(w). What is the highest common factor of 5 and g?
5
Suppose 444 = 5*s + g, -191 = -4*s + 4*g + 145. What is the highest common factor of 220 and s?
44
Let i be ((-45)/27 + 3)*9*1. What is the greatest common factor of i and 32?
4
Let w be (8/(-10))/(-3*2/30). Suppose w*i - 42 = 4*u + 106, 0 = 4*i + 5*u - 121. Calculate the highest common divisor of i and 272.
34
Let g be (9/(-9) - -2) + -1 + 4. Calculate the greatest common factor of 16 and g.
4
Suppose -45 - 108 = -3*i. Suppose 0 = -6*m - 9 + i. Let r(w) = -w**2 - 12*w - 7. Let s be r(-7). Calculate the highest common divisor of s and m.
7
Suppose 0 = -12*z + 8*z + 2*x + 134, -3*x + 37 = z. Calculate the highest common factor of z and 119.
17
Let n(u) = u**2 - 11*u + 12. Let a be n(8). Let y be 30*(a/5)/(-3). Suppose 24 = 2*w - y. What is the highest common factor of 8 and w?
8
Let l(d) = 62*d**2 - 3*d + 2. Let g be l(2). Suppose g = -4*b - 4*t, -3*t - 123 = -3*b + 5*b. Let j = b - -120. What is the highest common divisor of 12 and j?
12
Let m(s) = -s**2 + 5*s. Let n be ((-12)/(-20))/((-3)/(-15)). Let l be m(n). What is the greatest common divisor of l and 12?
6
Let l(v) = 16*v**2 + 16*v + 81. Let p be l(-4). What is the highest common divisor of p and 105?
21
Suppose -232*r + 243*r = 2970. Suppose f = -3*c + 45, 8*f + c = 3*f + 155. Calculate the greatest common divisor of f and r.
30
Suppose -s + 2 + 5 = 2*z, 0 = -4*z + 3*s - 11. Let u(b) = -b - 6 + 4 + z - b. Let y be u(-3). Calculate the highest common divisor of y and 5.
5
Suppose 7*c - 8*c = 0. Let d be ((-20)/(-4) - 4) + c. What is the greatest common divisor of d and 1?
1
Let s = -550 - -664. What is the greatest common divisor of s and 30?
6
Let q be (0 - 0)*(-4 - -5). Let m be (-87)/(-2 + -1 + q). Suppose 3*g = 345 + 438. Calculate the highest common divisor of g and m.
29
Let c(h) = 15*h**2 - 4*h + 2. Let y(l) = -9*l + 43. Let z be y(5). Let n be c(z). Calculate the highest common factor of n and 42.
14
Suppose v + 5*v = 0. Suppose 2*r + 21 - 93 = v. Suppose 2*f + 12 = 5*f. What is the highest common factor of r and f?
4
Suppose q - 6 = -2*q, 0 = -2*m + 3*q + 78. Suppose 10*l = 112 - m. Calculate the highest common divisor of l and 56.
7
Let n(s) = s**3 - 5*s**2 + 5*s + 3. Let m be n(4). Suppose 96 = m*f - 58. Let k be (-1)/(-3) - f/(-33). Calculate the highest common divisor of k and 3.
1
Let h = 40 + -25. What is the highest common factor of 345 and h?
15
Let y = 1 + 69. Calculate the greatest common factor of y and 14.
14
Let l = -2 + 3. Let z(p) = 2*p + 1. Let a be z(l). Suppose -g + 0 = -a. What is the greatest common factor of g and 6?
3
Let x = 19 - 15. Suppose 3 = -b + 2*b. Suppose -4*y + 4*h = -b*y + 15, -5*h + 15 = -5*y. Calculate the highest common factor of y and x.
1
Let t be (-12)/(-15)*50/4. Suppose 4*w = a + 83, 0 = w + 3*a - t - 1. Suppose 6*g - 564 - 276 = 0. What is the highest common divisor of w and g?
20
Let b be (9/(-18))/(2/(-12)). Suppose b*x - 2*x = 32. Calculate the greatest common divisor of x and 4.
4
Let l(y) = 17*y - 12. Let g be l(11). Suppose -9*h + 1 = -35. Suppose 3*d = -5*u + 166, -3*u - h*d + 86 = -7. What is the greatest common divisor of g and u?
35
Suppose 0 = 3*z - 5*z + 8. Let n(j) = -2*j + 2. Let y be n(-8). Suppose 2 - y = -h. What is the highest common divisor of z and h?
4
Suppose 0 = 2*i - 2*p - 17 + 5, -i - 2*p = 3. Suppose t - 10 = -4*t. Calculate the greatest common divisor of i and t.
1
Let o be (-8)/((-165)/20 + 8). What is the highest common divisor of o and 2512?
16
Suppose -21*j - 633 = -24*j + 3*x, -1046 = -5*j + 2*x. What is the greatest common factor of j and 26?
26
Let w(f) = 3*f**3 - 11*f**2 + 16*f - 29. Let c be w(4). Calculate the greatest common divisor of c and 102.
51
Suppose i + 1484 = 4*m, -2*m - 744 = -4*m + i. What is the greatest common factor of m and 10?
10
Let l(k) = -k**2 + 12*k + 22. Let b be l(12). Let c(z) = -z**3 + 6*z**2 + 4*z - 2. Let m be c(6). What is the highest common factor of m and b?
22
Suppose -2*c + 4*p + 14 + 76 = 0, -3*c + 124 = 5*p. Suppose -1087 = -t + c. Let f be 2/9 + t/18. Calculate the highest common divisor of f and 7.
7
Let y = 6 + -10. Let o be 3*(y + 7 - -78). Calculate the greatest common divisor of 27 and o.
27
Let b be 15/35 - (12945/(-273) + (-48)/312). Suppose 4*p = 315 + 197. What is the greatest common factor of p and b?
16
Let y be 6 + (3 - (-468)/12). What is the greatest common divisor of y and 1896?
24
Let k(l) = -4*l**3 - l**2 - 4*l - 3. Let s be (1 + -2)*(-5 + 7). Let r be k(s). Suppose r = w + 2*w. What is the greatest common factor of w and 11?
11
Suppose 14*p - 72 = 8*p. What is the highest common divisor of 84 and p?
12
Let f = -1099 + 1102. What is the highest common divisor of 228 and f?
3
Let j = -55061 - -55077. Let f(s) = -s**2 + 3*s + 5. Let m be f(4). Let x be 128 + m + (-1 - 0). Calculate the highest common factor of j and x.
16
Suppose -10 = -4*l + 2*o + 76, 98 = 4*l + 2*o. What is the greatest common factor of 207 and l?
23
Let g = 13 - 8. Suppose -b - 2*h + 3*h + 36 = 0, -g*b + 3*h = -170. Suppose 4*o - b - 1 = 0. Calculate the highest common divisor of 8 and o.
8
Suppose 0 = -c + h + h + 28, -4*c - 4*h = -100. Let l be (138/(-5))/(c/(-65)). What is the greatest common divisor of 23 and l?
23
Let a(m) = -m**2 - 20*m - 38. Let u be a(-18). Let k be (-7 - -2 - u)/(36/(-1128)). What is the greatest common divisor of 141 and k?
47
Let p(j) = 5*j**2 + 17*j + 6. Let u be p(-5). Calculate the greatest common divisor of 184 and u.
46
Let u(g) = -g**2 + 5*g + 7. Let m be u(5). Suppose 4*d - 9 = m. Let y = 13 - 5. Calculate the greatest common divisor of d and y.
4
Let c = 2328 - 2241. What is the highest common divisor of c and 3?
3
Let z = 568 + -384. What is the greatest common divisor of z and 46?
46
Let h(f) = -2*f**2 - 9*f + 16. Let z be h(-10). Let u = 42 - z. What is the highest common divisor of 17 and u?
17
Suppose -4*k + 214 = 3*s, -3*k - s + 109 = -49. Calculate the highest common divisor of k and 403.
13
Let g be 26 - ((-4 - 0) + 4). Suppose -h - 2*h + 4*r + g = 0, 4*h + r - 41 = 0. What is the greatest common divisor of h and 20?
10
Let u be -3 + 5 + 4 + 0. Let x = u + 18. Let f = 498 - 438. Calculate the highest common factor of x and f.
12
Let i(w) = -w**3 + 4*w**2 - 3. Let h = 15 + -22. Let j be -1 + (-1 - h)/(-2). Let b be i(j). Calculate the greatest common factor of 25 and b.
25
Let g(h) = -56*h**2 + h - 2. Let l be g(-2). Let k = l - -375. Suppose -k = -3*c - 42. Calculate the highest common divisor of c and 7.
7
Let n be 316*(-1)/(4/(-3)). Suppose -4*l - n = -4*q + 63, -5*l + 171 = 2*q. What is the greatest common factor of 26 and q?
26
Let h be (-70)/(-4)*64/(-40). Let s be 6/(-14)*h/4. Suppose -5*o + s = -2*p + 25, 2*p - 3*o - 14 = 0. What is the highest common divisor of 1 and p?
1
Let o be (-1)/3*(-72)/48*790. What is the greatest common d